 r(q) = -2*q**3 + 165*q**2 + 84*q - 78. Determine r(83).
5
Let v(m) = 2682*m - 69732. Give v(26).
0
Let n(j) = -j**3 + 9*j**2 + 11*j + 121. What is n(11)?
0
Let f(o) = 6*o + 255. Calculate f(30).
435
Let d(q) = -q**3 - 50*q**2 - 76*q - 1313. Determine d(-49).
10
Let v(i) = 4*i**2 + 209*i + 9. Calculate v(-55).
614
Let b(t) = -t**3 - 8*t**2 + 106*t + 361. Calculate b(-3).
-2
Let c(o) = 4*o**2 - 6155*o - 6156. Give c(-1).
3
Let j(v) = -6*v**3 + 4*v**2 - 39*v + 54. Calculate j(2).
-56
Let k(f) = 1099*f + 9881. What is k(-9)?
-10
Let l(n) = 44*n + 3000. Determine l(-68).
8
Let j(p) = -361*p + 508. What is j(2)?
-214
Let x(y) = -216*y + 865. What is x(4)?
1
Let g(k) = -2*k**3 - k**2 - 2*k + 46. Calculate g(0).
46
Let r(n) = n**2 - 4431*n + 39816. Determine r(9).
18
Let a(r) = 77*r**2 - 1237*r - 1231. Give a(17).
-7
Let j(v) = 4*v**2 + 397*v + 1159. What is j(-3)?
4
Let d(n) = 2*n**2 + 2*n - 16. Determine d(5).
44
Let q(p) = 2*p**2 + 127*p + 1615. Calculate q(-20).
-125
Let n(a) = -20*a**3 + 3*a**2 + a - 1. Give n(-1).
21
Let k(y) = -y**3 + 16*y**2 + 184*y - 2784. Calculate k(18).
-120
Let f(d) = -15*d**2 - 56*d + 225. Determine f(7).
-902
Let g(d) = 11*d - 45. What is g(6)?
21
Let k(p) = 5*p**2 + 908*p - 3657. What is k(4)?
55
Let p(q) = -47*q - 256. Calculate p(0).
-256
Let m(o) = 4*o**2 + 262*o - 2995. What is m(10)?
25
Let s(k) = 4*k**2 + 224*k - 469. Determine s(-58).
-5
Let y(c) = -c**3 + 15*c**2 + 125*c - 14. Determine y(-6).
-8
Let a(s) = 2*s**3 + 2*s**2 - 7*s - 81. Calculate a(5).
184
Let a(p) = 34*p + 196. What is a(4)?
332
Let u(y) = -y**3 + 12*y**2 + 12*y + 12. Calculate u(13).
-1
Let o(j) = -2*j**3 - 2*j**2 + 81*j + 41. Determine o(7).
-176
Let u(q) = 17*q + 210. Calculate u(-12).
6
Let x(p) = -p**3 + 35*p**2 + 189*p + 302. Determine x(40).
-138
Let c(a) = a**2 - 121*a + 2602. Give c(93).
-2
Let n(v) = -3*v**2 + 36*v - 31. Calculate n(10).
29
Let a(j) = -8*j**3 - 25*j**2 + 91*j + 253. Determine a(-4).
1
Let a(m) = 6*m**3 + 2*m**2 + 83*m + 167. Determine a(-2).
-39
Let j(n) = -5*n**3 + n**2 + 7*n - 1. Determine j(-5).
614
Let y(i) = i + 97. Calculate y(-90).
7
Let g(r) = 1472*r + 8849. Give g(-6).
17
Let i(l) = 1809*l + 16289. Give i(-9).
8
Let h(o) = 7*o**2 + o - 2. What is h(-1)?
4
Let m(r) = r**3 + 6*r - 1. Give m(-6).
-253
Let n(a) = -2*a**2 - 17*a + 68. Calculate n(-11).
13
Let t(g) = -g**3 - 42*g**2 - 82*g - 145. Determine t(-40).
-65
Let w(n) = -8*n**2 - 7*n - 16. What is w(-2)?
-34
Let a(p) = -33*p + 1368. Calculate a(37).
147
Let o(a) = -6*a - 10. Calculate o(-12).
62
Let p(c) = 46*c**2 + 46*c + 47. Calculate p(-1).
47
Let z(s) = -s**3 - 40*s**2 - 6*s - 63. What is z(-40)?
177
Let o(r) = -19*r + 91. What is o(-7)?
224
Let j(k) = k**3 + 6*k**2 - 210*k - 24. Give j(12).
48
Let v(w) = 201*w + 16. Calculate v(0).
16
Let k(g) = 191*g + 1322. Calculate k(-7).
-15
Let c(a) = -25*a - 720. Determine c(-24).
-120
Let q(x) = -x**2 + 12*x - 41. Determine q(12).
-41
Let h(v) = -v**2 - 131*v + 940. Calculate h(7).
-26
Let l(w) = -17*w - 447. Calculate l(-24).
-39
Let a(x) = -x**3 + 11*x**2 + 73*x - 73. What is a(17)?
-566
Let n(s) = -3*s**3 - 11*s**2 - 4*s + 1. Give n(-4).
33
Let w(v) = v**3 - 76*v**2 + 85*v - 787. Calculate w(75).
-37
Let i(r) = -56*r - 7669. Give i(-137).
3
Let t(f) = 10*f**2 + 59*f + 9. Determine t(-5).
-36
Let l(k) = -329*k + 4282. Calculate l(13).
5
Let v(i) = 7*i**2 - 18*i - 83. Determine v(5).
2
Let l(p) = -p**3 + 6*p**2 + 4*p - 38. Give l(3).
1
Let p(v) = 5*v - 112. Determine p(14).
-42
Let f(d) = 3*d**2 + 49*d - 38. Give f(-17).
-4
Let d(h) = h**3 + 38*h**2 + 199*h + 229. Calculate d(-32).
5
Let s(m) = 5*m + 502. Give s(37).
687
Let u(j) = -81*j - 3776. What is u(-47)?
31
Let y(k) = 27*k - 2. What is y(3)?
79
Let z(n) = -10*n**2 - 1896*n + 757. Give z(-190).
-3
Let g(c) = -c**2 + 26*c - 227. Determine g(28).
-283
Let h(g) = -g**3 - 151*g**2 - 19*g - 2876. Give h(-151).
-7
Let w(b) = 5*b + 54. Give w(0).
54
Let n(x) = 336*x + 61143. What is n(-182)?
-9
Let z(x) = x**3 - 23*x**2 + 289*x - 3587. What is z(18)?
-5
Let h(v) = 9*v**3 - 70*v**2 - 16*v + 6. Determine h(8).
6
Let h(r) = -2*r**3 + 122*r**2 - 3*r + 99. Give h(61).
-84
Let u(c) = 2*c**2 - 95*c + 636. What is u(39)?
-27
Let d(q) = -q**2 - 40*q - 207. Determine d(-28).
129
Let u(z) = 2*z**2 - 67*z + 108. Determine u(30).
-102
Let h(d) = -3*d**2 + 10*d + 29. Determine h(-4).
-59
Let r(z) = -2*z**2 + 46*z - 246. What is r(9)?
6
Let d(x) = -x**3 + 4*x**2 + 7*x + 15. Calculate d(7).
-83
Let v(n) = -n**2 + 70*n - 329. Give v(5).
-4
Let i(r) = -55*r**3 + 8*r + 8. Calculate i(-1).
55
Let n(v) = -106*v + 693. Give n(0).
693
Let d(b) = -b**2 - b + 72. Give d(7).
16
Let z(l) = l**2 + 8*l - 272. Calculate z(13).
1
Let l(c) = -2*c**3 - 2*c**2 - 141*c - 281. Determine l(-2).
9
Let i(t) = 22*t**2 + 11*t - 12. Determine i(3).
219
Let a(i) = -3*i**3 - 76*i**2 - 20*i + 111. Calculate a(-25).
-14
Let j(v) = -v**3 + 169*v**2 + 201*v - 5295. Calculate j(170).
-25
Let p(r) = 2*r**3 + 4*r**2 - 2*r + 7. What is p(-5)?
-133
Let b(v) = 3*v - 67. What is b(25)?
8
Let k(y) = 8*y**2 - 78*y - 26. What is k(10)?
-6
Let w(t) = -3*t**3 + 24*t**2 - 5*t - 16. Determine w(9).
-304
Let a(f) = -2066*f - 6207. Determine a(-3).
-9
Let g(l) = 3*l**2 + 129*l + 995. Determine g(-33).
5
Let g(s) = -2*s**3 + 10*s**2 - 3*s - 16. Determine g(4).
4
Let i(o) = o**3 - 10*o**2 - 17*o + 147. Determine i(10).
-23
Let m(c) = c**2 + 86*c + 100. Determine m(-85).
15
Let t(x) = -12*x + 358. Determine t(30).
-2
Let i(j) = -6*j**2 + 15*j + 492. Calculate i(-10).
-258
Let j(h) = -h**3 + 20*h**2 + 519*h + 206. Give j(35).
-4
Let v(z) = 3*z**3 - 14*z**2 - 52*z + 10. Determine v(7).
-11
Let c(t) = t**2 + 7*t + 40. Calculate c(0).
40
Let y(u) = -4*u**2 - 10*u + 1. Determine y(-7).
-125
Let d(n) = 7*n**2 - 57*n - 131. Give d(-2).
11
Let v(b) = -56*b - 3631. Calculate v(-65).
9
Let o(j) = j**3 + 21*j**2 - 68*j + 105. Determine o(-24).
9
Let y(l) = l**3 - 12*l**2 - 2*l + 102. Give y(6).
-126
Let y(d) = 7*d**2 - 298*d + 84. What is y(42)?
-84
Let a(m) = -m**3 + 18*m**2 - 72*m + 12. Calculate a(11).
67
Let d(j) = -j**3 - 33*j**2 + 71*j - 40. Determine d(-35).
-75
Let k(j) = -178*j + 5874. Determine k(33).
0
Let s(r) = 315*r - 18904. Give s(60).
-4
Let m(b) = -b**3 + 7*b**2 - 3*b - 71. Calculate m(6).
-53
Let l(u) = 9*u**2 + u - 5. Determine l(3).
79
Let v(g) = 432*g - 24. Determine v(-1).
-456
Let a(n) = 2*n**2 + 67*n - 284. Determine a(4).
16
Let o(c) = -2*c**2 - 94*c - 898. Calculate o(-36).
-106
Let p(u) = 2*u**2 - 8*u - 76. Determine p(12).
116
Let i(d) = -88*d - 927. Give i(-13).
217
Let r(f) = 3*f**2 + 263*f + 1423. What is r(-82)?
29
Let v(b) = -b**2 - 23*b + 2505. Give v(-63).
-15
Let n(z) = -z**2 - 87*z + 367. What is n(-91)?
3
Let o(v) = -209*v + 1253. Calculate o(6).
-1
Let u(s) = -12*s**2 - 72*s - 3. Determine u(-7).
-87
Let c(r) = r**3 - 91*r**2 + 157*r + 1861. What is c(89)?
-8
Let a(z) = -2340*z + 7006. What is a(3)?
-14
Let k(y) = 3*y**2 + 79*y - 226. What is k(-29)?
6
Let c(h) = -9*h**2 - 183*h - 34. Calculate c(-20).
26
Let o(a) = a**3 + 18*a**2 - 42*a + 434. Give o(-21).
-7
Let s(w) = 3186*w + 86032. Determine s(-27).
10
Let w(t) = -153*t + 34. Calculate w(1).
-119
Let v(j) = -359*j + 685. Determine v(2).
-33
Let l(g) = -7*g - 2. Determine l(0).
-2
Let r(x) = -111*x + 19. What is r(3)?
-314
Let r(d) = 196*d + 9672. Calculate r(-50).
-128
Let r(t) = -29*t - 1582. Determine r(-60).
158
Let o(b) = b**3 - 9*b**2 - 70*b - 97. What is o(-3)?
5
Let z(c) = -6*c + 159. Calculate z(8).
111
Let x(j) = -4*j**3 - 26*j**2 - 9*j - 5. Determine x(-5).
-110
Let q(x) = -x**2 - 2372*x - 88686. Determine q(-38).
6
Let g(w) = -2*w**3 + 3*w**2 + 18*w + 5. Calculate g(0).
5
Let v(r) = -8*r - 686. What is v(-79)?
-54
Let g(s) = -2*s**2 - 10*s - 74. What is g(-6)?
-86
Let u(o) = -9*o + 318. Give u(33).
21
Let n(l) = -2*l**2 + 75*l - 708. Calculate n(18).
-6
Let b(j) = j**2 + 10*j - 121. Calculate b(7).
-2
Let p(s) = -3*s**2 - 10*s - 9. Determine p(-1).
-2
Let j(m) = -20*m**2 - 250*m - 311. Give j(-11).
19
Let k(x) = 22*x**2 - 132*x - 20. What is k(6)?
-20
Let y(h) = h**3 - 39*h**2 + 309*h + 29. What is y(28)?
57
Let l(q) = 72*q + 115. Calculate l(-6).
-317
Let d(c) = c**3 + 7*c**2 - 216*c - 1771. What is d(-9)?
11
Let u(w) = -3*w -